{"id":17518,"date":"2022-09-01T14:26:28","date_gmt":"2022-09-01T12:26:28","guid":{"rendered":"https:\/\/entretiensalzheimer.org\/?page_id=17518"},"modified":"2025-09-10T16:42:34","modified_gmt":"2025-09-10T14:42:34","slug":"ile-de-la-reunion","status":"publish","type":"page","link":"https:\/\/entretiensalzheimer.org\/index.php\/ile-de-la-reunion\/","title":{"rendered":"ILE DE LA REUNION"},"content":{"rendered":"<div id='av_section_1'  class='avia-section main_color avia-section-huge avia-no-border-styling  avia-full-stretch av-section-color-overlay-active avia-bg-style-scroll  avia-builder-el-0  el_before_av_three_fifth  avia-builder-el-first   container_wrap fullsize' style='background-repeat: no-repeat; background-image: url(https:\/\/entretiensalzheimer.org\/wp-content\/uploads\/2025\/09\/bg-header.jpg);background-attachment: scroll; background-position: top left;  '  data-section-bg-repeat='stretch'><div class='av-section-color-overlay-wrap'><div class='av-section-color-overlay' style='opacity: 0.8; background-color: #8232a7; '><\/div><div class='container' ><main  role=\"main\" itemprop=\"mainContentOfPage\"  class='template-page content  av-content-full alpha units'><div class='post-entry post-entry-type-page post-entry-17518'><div class='entry-content-wrapper clearfix'>\n<div class=\"flex_column av_one_full  flex_column_div av-zero-column-padding first  avia-builder-el-1  avia-builder-el-no-sibling  \" style='margin-top:0px; margin-bottom:-30px; border-radius:0px; '><section class=\"av_textblock_section \"  itemscope=\"itemscope\" itemtype=\"https:\/\/schema.org\/CreativeWork\" ><div class='avia_textblock  av_inherit_color '  style='font-size:30px; color:#ffffff; '  itemprop=\"text\" ><p style=\"text-align: center;\">Entretiens Alzheimer<\/p>\n<div  style='height:60px' class='hr hr-invisible   avia-builder-el-3  el_before_av_hr  avia-builder-el-first '><span class='hr-inner ' ><span class='hr-inner-style'><\/span><\/span><\/div>\n<h1 style=\"text-align: center;\"><strong>\u00cele de la R\u00e9union<\/strong><\/h1>\n<div  style='height:1px; margin-top:-40px'  class='hr hr-invisible   avia-builder-el-4  el_after_av_hr  el_before_av_hr '><span class='hr-inner ' ><span class='hr-inner-style'><\/span><\/span><\/div>\n<p style=\"text-align: center;\">3<sup>\u00e8me<\/sup> \u00e9dition<\/p>\n<div  style='height:40px' class='hr hr-invisible   avia-builder-el-5  el_after_av_hr  avia-builder-el-last '><span class='hr-inner ' ><span class='hr-inner-style'><\/span><\/span><\/div>\n<p style=\"text-align: center;\">Juin 2026<\/p>\n<\/div><\/section><\/div>\n<\/div><\/div><\/main><!-- close content main element --><\/div><\/div><\/div><div id='after_section_1'  class='main_color av_default_container_wrap container_wrap fullsize' style=' '  ><div class='container' ><div class='template-page content  av-content-full alpha units'><div class='post-entry post-entry-type-page post-entry-17518'><div class='entry-content-wrapper clearfix'>\n<div class='flex_column_table av-equal-height-column-flextable -flextable' ><div class=\"flex_column av_three_fifth  flex_column_table_cell av-equal-height-column av-align-middle first  avia-builder-el-6  el_after_av_section  el_before_av_two_fifth  avia-builder-el-first  \" style='background: #fbf6f3; padding:30px; background-color:#fbf6f3; border-radius:0px; '><section class=\"av_textblock_section \"  itemscope=\"itemscope\" itemtype=\"https:\/\/schema.org\/CreativeWork\" ><div class='avia_textblock  '   itemprop=\"text\" ><p style=\"text-align: center;\">Les inscriptions pour 2026<br \/>\nseront bient\u00f4t disponibles<\/p>\n<\/div><\/section><\/div>\n<div class='av-flex-placeholder'><\/div><div class=\"flex_column av_two_fifth  flex_column_table_cell av-equal-height-column av-align-middle av-zero-column-padding   avia-builder-el-8  el_after_av_three_fifth  el_before_av_hr  \" style='border-radius:0px; '><div  class='avia-image-container  av-styling-    avia-builder-el-9  avia-builder-el-no-sibling  avia-align-center '  itemprop=\"image\" itemscope=\"itemscope\" itemtype=\"https:\/\/schema.org\/ImageObject\"  ><div class='avia-image-container-inner'><div class='avia-image-overlay-wrap'><img class='avia_image' src='https:\/\/entretiensalzheimer.org\/wp-content\/uploads\/2022\/10\/save-the-date-Entretiens-La-Reunion-scaled.jpg' alt='' title='' height=\"2560\" width=\"2560\"  itemprop=\"thumbnailUrl\"  \/><\/div><\/div><\/div><\/div><\/div><!--close column table wrapper. Autoclose: 1 --><div  style='height:50px' class='hr hr-invisible   avia-builder-el-10  el_after_av_two_fifth  el_before_av_one_full '><span class='hr-inner ' ><span class='hr-inner-style'><\/span><\/span><\/div><\/p>\n<div class=\"flex_column av_one_full  flex_column_div av-zero-column-padding first  avia-builder-el-11  el_after_av_hr  avia-builder-el-last  \" style='border-radius:0px; '><section class=\"av_textblock_section \"  itemscope=\"itemscope\" itemtype=\"https:\/\/schema.org\/CreativeWork\" ><div class='avia_textblock  '   itemprop=\"text\" ><h2 style=\"text-align: center;\"><strong>Archives 2022<\/strong><\/h2>\n<\/div><\/section><br \/>\n<div  class=\"togglecontainer  av-elegant-toggle toggle_close_all  avia-builder-el-13  el_after_av_textblock  avia-builder-el-last \" >\n<section class=\"av_toggle_section\"  itemscope=\"itemscope\" itemtype=\"https:\/\/schema.org\/CreativeWork\"  >    <div role=\"tablist\" class=\"single_toggle\" data-tags=\"{Tout} \"  >        <p data-fake-id=\"#toggle-id-1\" class=\"toggler \"  itemprop=\"headline\"  style='background-color: #8f47ad; '  role=\"tab\" tabindex=\"0\" aria-controls=\"toggle-id-1-container\">Programme<span class=\"toggle_icon\" >        <span class=\"vert_icon\"><\/span><span class=\"hor_icon\"><\/span><\/span><\/p>        <div id=\"toggle-id-1-container\" class=\"toggle_wrap \"  >            <div class=\"toggle_content invers-color \"  itemprop=\"text\"  style='background-color: #8f47ad; ' ><p>Consultez le programme de l&rsquo;\u00e9dition 2022<\/p>\n<div  class='avia-button-wrap avia-button-center  avia-builder-el-14  el_before_av_button  avia-builder-el-first ' ><a href='https:\/\/entretiensalzheimer.org\/wp-content\/uploads\/2022\/11\/programme-Entretiens-Alzheimer-Saint-Denis-2022.pdf'  class='avia-button   avia-icon_select-yes-left-icon avia-color-theme-color avia-size-medium avia-position-center '  target=\"_blank\"   ><span class='avia_button_icon avia_button_icon_left ' aria-hidden='true' data-av_icon='\ue84e' data-av_iconfont='entypo-fontello'><\/span><span class='avia_iconbox_title' >Programme 2022<\/span><\/a><\/div>\n            <\/div>        <\/div>    <\/div><\/section>\n<section class=\"av_toggle_section\"  itemscope=\"itemscope\" itemtype=\"https:\/\/schema.org\/CreativeWork\"  >    <div role=\"tablist\" class=\"single_toggle\" data-tags=\"{Tout} \"  >        <p data-fake-id=\"#toggle-id-2\" class=\"toggler \"  itemprop=\"headline\"  style='background-color: #8f47ad; '  role=\"tab\" tabindex=\"0\" aria-controls=\"toggle-id-2-container\">Podcasts<span class=\"toggle_icon\" >        <span class=\"vert_icon\"><\/span><span class=\"hor_icon\"><\/span><\/span><\/p>        <div id=\"toggle-id-2-container\" class=\"toggle_wrap \"  >            <div class=\"toggle_content invers-color \"  itemprop=\"text\"  style='background-color: #8f47ad; ' ><p><img loading=\"lazy\" decoding=\"async\" class=\"size-thumbnail wp-image-17885 alignleft\" src=\"https:\/\/entretiensalzheimer.org\/wp-content\/uploads\/2022\/11\/france-alzheimer-seine-maritime-80x80.jpg\" alt=\"\" width=\"80\" height=\"80\" srcset=\"https:\/\/entretiensalzheimer.org\/wp-content\/uploads\/2022\/11\/france-alzheimer-seine-maritime-80x80.jpg 80w, https:\/\/entretiensalzheimer.org\/wp-content\/uploads\/2022\/11\/france-alzheimer-seine-maritime-36x36.jpg 36w\" sizes=\"auto, (max-width: 80px) 100vw, 80px\" \/><\/p>\n<p><img loading=\"lazy\" decoding=\"async\" class=\"size-thumbnail wp-image-7257 alignleft\" src=\"https:\/\/entretiensalzheimer.org\/wp-content\/uploads\/2021\/09\/DE-LADOUCETTE-OLIVIER-\u00a9E.Durand-NotreTemps-80x80.jpg\" alt=\"\" width=\"80\" height=\"80\" srcset=\"https:\/\/entretiensalzheimer.org\/wp-content\/uploads\/2021\/09\/DE-LADOUCETTE-OLIVIER-\u00a9E.Durand-NotreTemps-80x80.jpg 80w, https:\/\/entretiensalzheimer.org\/wp-content\/uploads\/2021\/09\/DE-LADOUCETTE-OLIVIER-\u00a9E.Durand-NotreTemps-36x36.jpg 36w, https:\/\/entretiensalzheimer.org\/wp-content\/uploads\/2021\/09\/DE-LADOUCETTE-OLIVIER-\u00a9E.Durand-NotreTemps-180x180.jpg 180w\" sizes=\"auto, (max-width: 80px) 100vw, 80px\" \/><\/p>\n<p>Conf\u00e9rence introduite par <strong>Sylvie AGNEZ<\/strong>, <em>Pr\u00e9sidente de France Alzheimer La R\u00e9union<\/em> et le <strong>docteur Olivier de LADOUCETTE<\/strong>, <em>Pr\u00e9sident de la Fondation Recherche Alzheimer<\/em><\/p>\n<!--[if lt IE 9]><script>document.createElement('audio');<\/script><![endif]-->\n<audio class=\"wp-audio-shortcode\" id=\"audio-17518-1\" preload=\"none\" style=\"width: 100%;\" controls=\"controls\"><source type=\"audio\/mpeg\" src=\"https:\/\/entretiensalzheimer.org\/wp-content\/uploads\/2025\/06\/Intro-EA-Reunion-2024.mp3?_=1\" \/><a href=\"https:\/\/entretiensalzheimer.org\/wp-content\/uploads\/2025\/06\/Intro-EA-Reunion-2024.mp3\">https:\/\/entretiensalzheimer.org\/wp-content\/uploads\/2025\/06\/Intro-EA-Reunion-2024.mp3<\/a><\/audio>\n<hr \/>\n<p><img loading=\"lazy\" decoding=\"async\" class=\"size-thumbnail wp-image-21215 alignleft\" src=\"https:\/\/entretiensalzheimer.org\/wp-content\/uploads\/2025\/09\/profil-pic-80x80.jpg\" alt=\"\" width=\"80\" height=\"80\" srcset=\"https:\/\/entretiensalzheimer.org\/wp-content\/uploads\/2025\/09\/profil-pic-80x80.jpg 80w, https:\/\/entretiensalzheimer.org\/wp-content\/uploads\/2025\/09\/profil-pic-300x300.jpg 300w, https:\/\/entretiensalzheimer.org\/wp-content\/uploads\/2025\/09\/profil-pic-36x36.jpg 36w, https:\/\/entretiensalzheimer.org\/wp-content\/uploads\/2025\/09\/profil-pic-180x180.jpg 180w, https:\/\/entretiensalzheimer.org\/wp-content\/uploads\/2025\/09\/profil-pic.jpg 612w\" sizes=\"auto, (max-width: 80px) 100vw, 80px\" \/><\/p>\n<p>Int\u00e9r\u00eat du diagnostic pr\u00e9coce et de la pr\u00e9vention<\/p>\n<p><strong>Dr Jean-Pierre SERVEAUX<\/strong>, <em>Chef de service au CHU Reunion Nord<\/em><\/p>\n<audio class=\"wp-audio-shortcode\" id=\"audio-17518-2\" preload=\"none\" style=\"width: 100%;\" controls=\"controls\"><source type=\"audio\/mpeg\" src=\"https:\/\/entretiensalzheimer.org\/wp-content\/uploads\/2025\/06\/prevention-Dr-Serveaux-EA-Reunion-2024.mp3?_=2\" \/><a href=\"https:\/\/entretiensalzheimer.org\/wp-content\/uploads\/2025\/06\/prevention-Dr-Serveaux-EA-Reunion-2024.mp3\">https:\/\/entretiensalzheimer.org\/wp-content\/uploads\/2025\/06\/prevention-Dr-Serveaux-EA-Reunion-2024.mp3<\/a><\/audio>\n<hr \/>\n<p><img loading=\"lazy\" decoding=\"async\" class=\"size-thumbnail wp-image-21215 alignleft\" src=\"https:\/\/entretiensalzheimer.org\/wp-content\/uploads\/2025\/09\/profil-pic-80x80.jpg\" alt=\"\" width=\"80\" height=\"80\" srcset=\"https:\/\/entretiensalzheimer.org\/wp-content\/uploads\/2025\/09\/profil-pic-80x80.jpg 80w, https:\/\/entretiensalzheimer.org\/wp-content\/uploads\/2025\/09\/profil-pic-300x300.jpg 300w, https:\/\/entretiensalzheimer.org\/wp-content\/uploads\/2025\/09\/profil-pic-36x36.jpg 36w, https:\/\/entretiensalzheimer.org\/wp-content\/uploads\/2025\/09\/profil-pic-180x180.jpg 180w, https:\/\/entretiensalzheimer.org\/wp-content\/uploads\/2025\/09\/profil-pic.jpg 612w\" sizes=\"auto, (max-width: 80px) 100vw, 80px\" \/><\/p>\n<p>L&rsquo;\u00e9valuation cognitive du patient r\u00e9unionnais, un d\u00e9fi ?<\/p>\n<p><strong>Dr Sonia MICHALON<\/strong>, <em>Docteure en neuropsychologie, Orthophoniste \u00e0 la consultation m\u00e9moire du GHER, formatrice en neurosciences, membre du GREC-ILL<\/em><\/p>\n<audio class=\"wp-audio-shortcode\" id=\"audio-17518-3\" preload=\"none\" style=\"width: 100%;\" controls=\"controls\"><source type=\"audio\/mpeg\" src=\"https:\/\/entretiensalzheimer.org\/wp-content\/uploads\/2025\/06\/evaluation-cognitive-Dr-Sonia-Michalon-EA-Reunion-2024.mp3?_=3\" \/><a href=\"https:\/\/entretiensalzheimer.org\/wp-content\/uploads\/2025\/06\/evaluation-cognitive-Dr-Sonia-Michalon-EA-Reunion-2024.mp3\">https:\/\/entretiensalzheimer.org\/wp-content\/uploads\/2025\/06\/evaluation-cognitive-Dr-Sonia-Michalon-EA-Reunion-2024.mp3<\/a><\/audio>\n<hr \/>\n<p><img loading=\"lazy\" decoding=\"async\" class=\"size-thumbnail wp-image-21215 alignleft\" src=\"https:\/\/entretiensalzheimer.org\/wp-content\/uploads\/2025\/09\/profil-pic-80x80.jpg\" alt=\"\" width=\"80\" height=\"80\" srcset=\"https:\/\/entretiensalzheimer.org\/wp-content\/uploads\/2025\/09\/profil-pic-80x80.jpg 80w, https:\/\/entretiensalzheimer.org\/wp-content\/uploads\/2025\/09\/profil-pic-300x300.jpg 300w, https:\/\/entretiensalzheimer.org\/wp-content\/uploads\/2025\/09\/profil-pic-36x36.jpg 36w, https:\/\/entretiensalzheimer.org\/wp-content\/uploads\/2025\/09\/profil-pic-180x180.jpg 180w, https:\/\/entretiensalzheimer.org\/wp-content\/uploads\/2025\/09\/profil-pic.jpg 612w\" sizes=\"auto, (max-width: 80px) 100vw, 80px\" \/><\/p>\n<p>Point sur les th\u00e9rapeutiques actuelles au stade pr\u00e9coce de la maladie<\/p>\n<p><strong>Dr Lorraine HAMELIN<\/strong>, <em>Neurologue au CHU Saint-Denis, dans le service de consultation m\u00e9moire, MD PhD<\/em><\/p>\n<audio class=\"wp-audio-shortcode\" id=\"audio-17518-4\" preload=\"none\" style=\"width: 100%;\" controls=\"controls\"><source type=\"audio\/mpeg\" src=\"https:\/\/entretiensalzheimer.org\/wp-content\/uploads\/2025\/06\/Medicaments-Dr-Lorraine-Hamelin-EA-Reunion-2024.mp3?_=4\" \/><a href=\"https:\/\/entretiensalzheimer.org\/wp-content\/uploads\/2025\/06\/Medicaments-Dr-Lorraine-Hamelin-EA-Reunion-2024.mp3\">https:\/\/entretiensalzheimer.org\/wp-content\/uploads\/2025\/06\/Medicaments-Dr-Lorraine-Hamelin-EA-Reunion-2024.mp3<\/a><\/audio>\n<hr \/>\n<p><img loading=\"lazy\" decoding=\"async\" class=\"size-thumbnail wp-image-21215 alignleft\" src=\"https:\/\/entretiensalzheimer.org\/wp-content\/uploads\/2025\/09\/profil-pic-80x80.jpg\" alt=\"\" width=\"80\" height=\"80\" srcset=\"https:\/\/entretiensalzheimer.org\/wp-content\/uploads\/2025\/09\/profil-pic-80x80.jpg 80w, https:\/\/entretiensalzheimer.org\/wp-content\/uploads\/2025\/09\/profil-pic-300x300.jpg 300w, https:\/\/entretiensalzheimer.org\/wp-content\/uploads\/2025\/09\/profil-pic-36x36.jpg 36w, https:\/\/entretiensalzheimer.org\/wp-content\/uploads\/2025\/09\/profil-pic-180x180.jpg 180w, https:\/\/entretiensalzheimer.org\/wp-content\/uploads\/2025\/09\/profil-pic.jpg 612w\" sizes=\"auto, (max-width: 80px) 100vw, 80px\" \/><\/p>\n<p>La place du m\u00e9decin g\u00e9n\u00e9raliste dans le parcours de soin et son r\u00f4le dans le rep\u00e9rage des troubles du comportement<\/p>\n<p><strong>Pr Jean-Marc FRANCO<\/strong>, <em>M\u00e9decin g\u00e9n\u00e9raliste \u00e0 Saint-Philippe, Directeur du d\u00e9partement \u00ab M\u00e9decine g\u00e9n\u00e9rale \u00bb <\/em><em>\u00e0 l\u2019Universit\u00e9<\/em><\/p>\n<audio class=\"wp-audio-shortcode\" id=\"audio-17518-5\" preload=\"none\" style=\"width: 100%;\" controls=\"controls\"><source type=\"audio\/mpeg\" src=\"https:\/\/entretiensalzheimer.org\/wp-content\/uploads\/2025\/06\/Medecin-generaliste-Pr-Franco-EA-Reunion-2024.mp3?_=5\" \/><a href=\"https:\/\/entretiensalzheimer.org\/wp-content\/uploads\/2025\/06\/Medecin-generaliste-Pr-Franco-EA-Reunion-2024.mp3\">https:\/\/entretiensalzheimer.org\/wp-content\/uploads\/2025\/06\/Medecin-generaliste-Pr-Franco-EA-Reunion-2024.mp3<\/a><\/audio>\n<hr \/>\n<p><img loading=\"lazy\" decoding=\"async\" class=\"size-thumbnail wp-image-7257 alignleft\" src=\"https:\/\/entretiensalzheimer.org\/wp-content\/uploads\/2021\/09\/DE-LADOUCETTE-OLIVIER-\u00a9E.Durand-NotreTemps-80x80.jpg\" alt=\"\" width=\"80\" height=\"80\" srcset=\"https:\/\/entretiensalzheimer.org\/wp-content\/uploads\/2021\/09\/DE-LADOUCETTE-OLIVIER-\u00a9E.Durand-NotreTemps-80x80.jpg 80w, https:\/\/entretiensalzheimer.org\/wp-content\/uploads\/2021\/09\/DE-LADOUCETTE-OLIVIER-\u00a9E.Durand-NotreTemps-36x36.jpg 36w, https:\/\/entretiensalzheimer.org\/wp-content\/uploads\/2021\/09\/DE-LADOUCETTE-OLIVIER-\u00a9E.Durand-NotreTemps-180x180.jpg 180w\" sizes=\"auto, (max-width: 80px) 100vw, 80px\" \/>Les troubles du comportement des malades Alzheimer : quels sont-ils et comment y faire face?<\/p>\n<p><strong>Dr Olivier de LADOUCETTE<\/strong>, <em>Psychiatre, g\u00e9riatre et Pr\u00e9sident de la Fondation Recherche Alzheimer<\/em><\/p>\n<audio class=\"wp-audio-shortcode\" id=\"audio-17518-6\" preload=\"none\" style=\"width: 100%;\" controls=\"controls\"><source type=\"audio\/mpeg\" src=\"https:\/\/entretiensalzheimer.org\/wp-content\/uploads\/2025\/06\/Troules-du-comportement-Dr-ODL-EA-Reunion-2024.mp3?_=6\" \/><a href=\"https:\/\/entretiensalzheimer.org\/wp-content\/uploads\/2025\/06\/Troules-du-comportement-Dr-ODL-EA-Reunion-2024.mp3\">https:\/\/entretiensalzheimer.org\/wp-content\/uploads\/2025\/06\/Troules-du-comportement-Dr-ODL-EA-Reunion-2024.mp3<\/a><\/audio>\n<hr \/>\n<p><img loading=\"lazy\" decoding=\"async\" class=\"size-thumbnail wp-image-17885 alignleft\" src=\"https:\/\/entretiensalzheimer.org\/wp-content\/uploads\/2022\/11\/france-alzheimer-seine-maritime-80x80.jpg\" alt=\"\" width=\"80\" height=\"80\" srcset=\"https:\/\/entretiensalzheimer.org\/wp-content\/uploads\/2022\/11\/france-alzheimer-seine-maritime-80x80.jpg 80w, https:\/\/entretiensalzheimer.org\/wp-content\/uploads\/2022\/11\/france-alzheimer-seine-maritime-36x36.jpg 36w\" sizes=\"auto, (max-width: 80px) 100vw, 80px\" \/><\/p>\n<p>Tables rondes et t\u00e9moignages, prise en charge et accompagnement d&rsquo;un malade Alzheimer<\/p>\n<p>Tous les sp\u00e9cialistes ainsi que des aidants France Alzheimer<\/p>\n<audio class=\"wp-audio-shortcode\" id=\"audio-17518-7\" preload=\"none\" style=\"width: 100%;\" controls=\"controls\"><source type=\"audio\/mpeg\" src=\"https:\/\/entretiensalzheimer.org\/wp-content\/uploads\/2025\/06\/table-ronde-EA-Reunion-2024.mp3?_=7\" \/><a href=\"https:\/\/entretiensalzheimer.org\/wp-content\/uploads\/2025\/06\/table-ronde-EA-Reunion-2024.mp3\">https:\/\/entretiensalzheimer.org\/wp-content\/uploads\/2025\/06\/table-ronde-EA-Reunion-2024.mp3<\/a><\/audio>\n            <\/div>        <\/div>    <\/div><\/section>\n<section class=\"av_toggle_section\"  itemscope=\"itemscope\" itemtype=\"https:\/\/schema.org\/CreativeWork\"  >    <div role=\"tablist\" class=\"single_toggle\" data-tags=\"{Tout} \"  >        <p data-fake-id=\"#toggle-id-3\" class=\"toggler \"  itemprop=\"headline\"  style='background-color: #8f47ad; '  role=\"tab\" tabindex=\"0\" aria-controls=\"toggle-id-3-container\">Guide des aidants<span class=\"toggle_icon\" >        <span class=\"vert_icon\"><\/span><span class=\"hor_icon\"><\/span><\/span><\/p>        <div id=\"toggle-id-3-container\" class=\"toggle_wrap \"  >            <div class=\"toggle_content invers-color \"  itemprop=\"text\"  style='background-color: #8f47ad; ' ><p>T\u00e9l\u00e9chargez le Petit Guide des Aidants de la Fondation<\/p>\n<div  class='avia-button-wrap avia-button-center  avia-builder-el-15  el_after_av_button  avia-builder-el-last ' ><a href='https:\/\/uniscontrealzheimer.fr\/index.php\/le-petit-guide-des-aidants\/' class='avia-button   avia-icon_select-yes-left-icon avia-color-theme-color avia-size-medium avia-position-center ' target=\"_blank\" rel=\"noopener\"><span class='avia_button_icon avia_button_icon_left ' aria-hidden='true' data-av_icon='\ue84e' data-av_iconfont='entypo-fontello'><\/span><span class='avia_iconbox_title' >Guide des aidants<\/span><\/a><\/div>\n            <\/div>        <\/div>    <\/div><\/section>\n<\/div><\/p><\/div>\n","protected":false},"excerpt":{"rendered":"","protected":false},"author":3,"featured_media":0,"parent":0,"menu_order":0,"comment_status":"closed","ping_status":"closed","template":"","meta":{"footnotes":""},"class_list":["post-17518","page","type-page","status-publish","hentry"],"_links":{"self":[{"href":"https:\/\/entretiensalzheimer.org\/index.php\/wp-json\/wp\/v2\/pages\/17518","targetHints":{"allow":["GET"]}}],"collection":[{"href":"https:\/\/entretiensalzheimer.org\/index.php\/wp-json\/wp\/v2\/pages"}],"about":[{"href":"https:\/\/entretiensalzheimer.org\/index.php\/wp-json\/wp\/v2\/types\/page"}],"author":[{"embeddable":true,"href":"https:\/\/entretiensalzheimer.org\/index.php\/wp-json\/wp\/v2\/users\/3"}],"replies":[{"embeddable":true,"href":"https:\/\/entretiensalzheimer.org\/index.php\/wp-json\/wp\/v2\/comments?post=17518"}],"version-history":[{"count":96,"href":"https:\/\/entretiensalzheimer.org\/index.php\/wp-json\/wp\/v2\/pages\/17518\/revisions"}],"predecessor-version":[{"id":22161,"href":"https:\/\/entretiensalzheimer.org\/index.php\/wp-json\/wp\/v2\/pages\/17518\/revisions\/22161"}],"wp:attachment":[{"href":"https:\/\/entretiensalzheimer.org\/index.php\/wp-json\/wp\/v2\/media?parent=17518"}],"curies":[{"name":"wp","href":"https:\/\/api.w.org\/{rel}","templated":true}]}}