{"id":21549,"date":"2025-10-08T15:39:50","date_gmt":"2025-10-08T13:39:50","guid":{"rendered":"https:\/\/entretiensalzheimer.org\/?post_type=pmp_podcast&#038;p=21549"},"modified":"2025-10-08T15:39:50","modified_gmt":"2025-10-08T13:39:50","slug":"questions-reponses-pr-frederic-blanc","status":"publish","type":"pmp_podcast","link":"https:\/\/entretiensalzheimer.org\/index.php\/pmp_podcast\/questions-reponses-pr-frederic-blanc\/","title":{"rendered":"Questions\/R\u00e9ponses &#8211; Pr Fr\u00e9d\u00e9ric BLANC"},"content":{"rendered":"","protected":false},"featured_media":0,"template":"","pmp_city":[25],"pmp_year":[22],"class_list":["post-21549","pmp_podcast","type-pmp_podcast","status-publish","hentry","pmp_city-strasbourg","pmp_year-22"],"_links":{"self":[{"href":"https:\/\/entretiensalzheimer.org\/index.php\/wp-json\/wp\/v2\/pmp_podcast\/21549","targetHints":{"allow":["GET"]}}],"collection":[{"href":"https:\/\/entretiensalzheimer.org\/index.php\/wp-json\/wp\/v2\/pmp_podcast"}],"about":[{"href":"https:\/\/entretiensalzheimer.org\/index.php\/wp-json\/wp\/v2\/types\/pmp_podcast"}],"wp:attachment":[{"href":"https:\/\/entretiensalzheimer.org\/index.php\/wp-json\/wp\/v2\/media?parent=21549"}],"wp:term":[{"taxonomy":"pmp_city","embeddable":true,"href":"https:\/\/entretiensalzheimer.org\/index.php\/wp-json\/wp\/v2\/pmp_city?post=21549"},{"taxonomy":"pmp_year","embeddable":true,"href":"https:\/\/entretiensalzheimer.org\/index.php\/wp-json\/wp\/v2\/pmp_year?post=21549"}],"curies":[{"name":"wp","href":"https:\/\/api.w.org\/{rel}","templated":true}]}}

Questions/Réponses &#8211; Pr Frédéric BLANC
