{"id":21640,"date":"2025-10-16T18:46:07","date_gmt":"2025-10-16T16:46:07","guid":{"rendered":"https:\/\/entretiensalzheimer.org\/?post_type=pmp_podcast&#038;p=21640"},"modified":"2025-10-16T18:46:07","modified_gmt":"2025-10-16T16:46:07","slug":"globalcite-vers-une-societe-plus-inclusive-et-adaptee-aux-defis-poses-par-les-maladies-neuro-evolutives","status":"publish","type":"pmp_podcast","link":"https:\/\/entretiensalzheimer.org\/index.php\/pmp_podcast\/globalcite-vers-une-societe-plus-inclusive-et-adaptee-aux-defis-poses-par-les-maladies-neuro-evolutives\/","title":{"rendered":"Globalcit\u00e9, vers une soci\u00e9t\u00e9 plus inclusive et adapt\u00e9e aux d\u00e9fis pos\u00e9s par les maladies neuro-\u00e9volutives"},"content":{"rendered":"","protected":false},"featured_media":0,"template":"","pmp_city":[26],"pmp_year":[22],"class_list":["post-21640","pmp_podcast","type-pmp_podcast","status-publish","hentry","pmp_city-rennes","pmp_year-22"],"_links":{"self":[{"href":"https:\/\/entretiensalzheimer.org\/index.php\/wp-json\/wp\/v2\/pmp_podcast\/21640","targetHints":{"allow":["GET"]}}],"collection":[{"href":"https:\/\/entretiensalzheimer.org\/index.php\/wp-json\/wp\/v2\/pmp_podcast"}],"about":[{"href":"https:\/\/entretiensalzheimer.org\/index.php\/wp-json\/wp\/v2\/types\/pmp_podcast"}],"wp:attachment":[{"href":"https:\/\/entretiensalzheimer.org\/index.php\/wp-json\/wp\/v2\/media?parent=21640"}],"wp:term":[{"taxonomy":"pmp_city","embeddable":true,"href":"https:\/\/entretiensalzheimer.org\/index.php\/wp-json\/wp\/v2\/pmp_city?post=21640"},{"taxonomy":"pmp_year","embeddable":true,"href":"https:\/\/entretiensalzheimer.org\/index.php\/wp-json\/wp\/v2\/pmp_year?post=21640"}],"curies":[{"name":"wp","href":"https:\/\/api.w.org\/{rel}","templated":true}]}}

Globalcité, vers une société plus inclusive et adaptée aux défis posés par les maladies neuro-évolutives
