{"id":21703,"date":"2025-10-21T11:01:27","date_gmt":"2025-10-21T09:01:27","guid":{"rendered":"https:\/\/entretiensalzheimer.org\/?post_type=pmp_podcast&#038;p=21703"},"modified":"2025-10-21T11:01:27","modified_gmt":"2025-10-21T09:01:27","slug":"retour-dexperience-sur-lexperimentation-des-tenues-civiles-en-unite-protegee-du-personnel-soignant-et-hotelier","status":"publish","type":"pmp_podcast","link":"https:\/\/entretiensalzheimer.org\/index.php\/pmp_podcast\/retour-dexperience-sur-lexperimentation-des-tenues-civiles-en-unite-protegee-du-personnel-soignant-et-hotelier\/","title":{"rendered":"Retour d&rsquo;exp\u00e9rience sur l&rsquo;exp\u00e9rimentation des tenues civiles en Unit\u00e9 Prot\u00e9g\u00e9e du personnel soignant et h\u00f4telier"},"content":{"rendered":"","protected":false},"featured_media":0,"template":"","pmp_city":[28],"pmp_year":[22],"class_list":["post-21703","pmp_podcast","type-pmp_podcast","status-publish","hentry","pmp_city-nice","pmp_year-22"],"_links":{"self":[{"href":"https:\/\/entretiensalzheimer.org\/index.php\/wp-json\/wp\/v2\/pmp_podcast\/21703","targetHints":{"allow":["GET"]}}],"collection":[{"href":"https:\/\/entretiensalzheimer.org\/index.php\/wp-json\/wp\/v2\/pmp_podcast"}],"about":[{"href":"https:\/\/entretiensalzheimer.org\/index.php\/wp-json\/wp\/v2\/types\/pmp_podcast"}],"wp:attachment":[{"href":"https:\/\/entretiensalzheimer.org\/index.php\/wp-json\/wp\/v2\/media?parent=21703"}],"wp:term":[{"taxonomy":"pmp_city","embeddable":true,"href":"https:\/\/entretiensalzheimer.org\/index.php\/wp-json\/wp\/v2\/pmp_city?post=21703"},{"taxonomy":"pmp_year","embeddable":true,"href":"https:\/\/entretiensalzheimer.org\/index.php\/wp-json\/wp\/v2\/pmp_year?post=21703"}],"curies":[{"name":"wp","href":"https:\/\/api.w.org\/{rel}","templated":true}]}}

Retour d&rsquo;expérience sur l&rsquo;expérimentation des tenues civiles en Unité Protégée du personnel soignant et hôtelier
