{"id":21708,"date":"2025-10-21T11:02:55","date_gmt":"2025-10-21T09:02:55","guid":{"rendered":"https:\/\/entretiensalzheimer.org\/?post_type=pmp_podcast&#038;p=21708"},"modified":"2025-10-21T11:02:55","modified_gmt":"2025-10-21T09:02:55","slug":"presentation-de-lequipe-specialisee-alzheimer-esa-du-service-autonomie-a-domicile-du-ccas-de-nice","status":"publish","type":"pmp_podcast","link":"https:\/\/entretiensalzheimer.org\/index.php\/pmp_podcast\/presentation-de-lequipe-specialisee-alzheimer-esa-du-service-autonomie-a-domicile-du-ccas-de-nice\/","title":{"rendered":"Pr\u00e9sentation de l\u2019Equipe Sp\u00e9cialis\u00e9e Alzheimer (ESA) du Service Autonomie \u00e0 Domicile du CCAS de Nice"},"content":{"rendered":"","protected":false},"featured_media":0,"template":"","pmp_city":[28],"pmp_year":[22],"class_list":["post-21708","pmp_podcast","type-pmp_podcast","status-publish","hentry","pmp_city-nice","pmp_year-22"],"_links":{"self":[{"href":"https:\/\/entretiensalzheimer.org\/index.php\/wp-json\/wp\/v2\/pmp_podcast\/21708","targetHints":{"allow":["GET"]}}],"collection":[{"href":"https:\/\/entretiensalzheimer.org\/index.php\/wp-json\/wp\/v2\/pmp_podcast"}],"about":[{"href":"https:\/\/entretiensalzheimer.org\/index.php\/wp-json\/wp\/v2\/types\/pmp_podcast"}],"wp:attachment":[{"href":"https:\/\/entretiensalzheimer.org\/index.php\/wp-json\/wp\/v2\/media?parent=21708"}],"wp:term":[{"taxonomy":"pmp_city","embeddable":true,"href":"https:\/\/entretiensalzheimer.org\/index.php\/wp-json\/wp\/v2\/pmp_city?post=21708"},{"taxonomy":"pmp_year","embeddable":true,"href":"https:\/\/entretiensalzheimer.org\/index.php\/wp-json\/wp\/v2\/pmp_year?post=21708"}],"curies":[{"name":"wp","href":"https:\/\/api.w.org\/{rel}","templated":true}]}}

Présentation de l’Equipe Spécialisée Alzheimer (ESA) du Service Autonomie à Domicile du CCAS de Nice
