{"id":21887,"date":"2025-12-18T11:43:53","date_gmt":"2025-12-18T10:43:53","guid":{"rendered":"https:\/\/entretiensalzheimer.org\/?post_type=pmp_podcast&#038;p=21887"},"modified":"2025-12-18T11:43:53","modified_gmt":"2025-12-18T10:43:53","slug":"presentation-du-dispositif-memo-ssiad-la-parenthese-des-aidants-et-laccueil-de-jour-le-trait-dunion","status":"publish","type":"pmp_podcast","link":"https:\/\/entretiensalzheimer.org\/index.php\/pmp_podcast\/presentation-du-dispositif-memo-ssiad-la-parenthese-des-aidants-et-laccueil-de-jour-le-trait-dunion\/","title":{"rendered":"Pr\u00e9sentation du dispositif M\u00e9mo-SSIAD, la parenth\u00e8se des aidants et l&rsquo;accueil de jour \u00ab\u00a0Le trait d&rsquo;union\u00a0\u00bb"},"content":{"rendered":"","protected":false},"featured_media":0,"template":"","pmp_city":[19],"pmp_year":[22],"class_list":["post-21887","pmp_podcast","type-pmp_podcast","status-publish","hentry","pmp_city-bordeaux","pmp_year-22"],"_links":{"self":[{"href":"https:\/\/entretiensalzheimer.org\/index.php\/wp-json\/wp\/v2\/pmp_podcast\/21887","targetHints":{"allow":["GET"]}}],"collection":[{"href":"https:\/\/entretiensalzheimer.org\/index.php\/wp-json\/wp\/v2\/pmp_podcast"}],"about":[{"href":"https:\/\/entretiensalzheimer.org\/index.php\/wp-json\/wp\/v2\/types\/pmp_podcast"}],"wp:attachment":[{"href":"https:\/\/entretiensalzheimer.org\/index.php\/wp-json\/wp\/v2\/media?parent=21887"}],"wp:term":[{"taxonomy":"pmp_city","embeddable":true,"href":"https:\/\/entretiensalzheimer.org\/index.php\/wp-json\/wp\/v2\/pmp_city?post=21887"},{"taxonomy":"pmp_year","embeddable":true,"href":"https:\/\/entretiensalzheimer.org\/index.php\/wp-json\/wp\/v2\/pmp_year?post=21887"}],"curies":[{"name":"wp","href":"https:\/\/api.w.org\/{rel}","templated":true}]}}

Présentation du dispositif Mémo-SSIAD, la parenthèse des aidants et l&rsquo;accueil de jour « Le trait d&rsquo;union »
