{"id":21889,"date":"2025-12-18T11:45:05","date_gmt":"2025-12-18T10:45:05","guid":{"rendered":"https:\/\/entretiensalzheimer.org\/?post_type=pmp_podcast&#038;p=21889"},"modified":"2025-12-18T11:46:01","modified_gmt":"2025-12-18T10:46:01","slug":"presentation-du-reseau-benevole-de-la-fondation-recherche-alzheimer","status":"publish","type":"pmp_podcast","link":"https:\/\/entretiensalzheimer.org\/index.php\/pmp_podcast\/presentation-du-reseau-benevole-de-la-fondation-recherche-alzheimer\/","title":{"rendered":"Pr\u00e9sentation du r\u00e9seau b\u00e9n\u00e9vole de la Fondation Recherche Alzheimer"},"content":{"rendered":"","protected":false},"featured_media":0,"template":"","pmp_city":[19],"pmp_year":[22],"class_list":["post-21889","pmp_podcast","type-pmp_podcast","status-publish","hentry","pmp_city-bordeaux","pmp_year-22"],"_links":{"self":[{"href":"https:\/\/entretiensalzheimer.org\/index.php\/wp-json\/wp\/v2\/pmp_podcast\/21889","targetHints":{"allow":["GET"]}}],"collection":[{"href":"https:\/\/entretiensalzheimer.org\/index.php\/wp-json\/wp\/v2\/pmp_podcast"}],"about":[{"href":"https:\/\/entretiensalzheimer.org\/index.php\/wp-json\/wp\/v2\/types\/pmp_podcast"}],"wp:attachment":[{"href":"https:\/\/entretiensalzheimer.org\/index.php\/wp-json\/wp\/v2\/media?parent=21889"}],"wp:term":[{"taxonomy":"pmp_city","embeddable":true,"href":"https:\/\/entretiensalzheimer.org\/index.php\/wp-json\/wp\/v2\/pmp_city?post=21889"},{"taxonomy":"pmp_year","embeddable":true,"href":"https:\/\/entretiensalzheimer.org\/index.php\/wp-json\/wp\/v2\/pmp_year?post=21889"}],"curies":[{"name":"wp","href":"https:\/\/api.w.org\/{rel}","templated":true}]}}

Présentation du réseau bénévole de la Fondation Recherche Alzheimer
