{"id":21912,"date":"2025-12-18T11:53:44","date_gmt":"2025-12-18T10:53:44","guid":{"rendered":"https:\/\/entretiensalzheimer.org\/?post_type=pmp_podcast&#038;p=21912"},"modified":"2025-12-18T11:53:44","modified_gmt":"2025-12-18T10:53:44","slug":"retour-dexperience-sur-lexperimentation-des-tenues-civiles-en-unite-protegee-du-personnel-soignant-et-hotelier-2","status":"publish","type":"pmp_podcast","link":"https:\/\/entretiensalzheimer.org\/index.php\/pmp_podcast\/retour-dexperience-sur-lexperimentation-des-tenues-civiles-en-unite-protegee-du-personnel-soignant-et-hotelier-2\/","title":{"rendered":"Retour d&rsquo;exp\u00e9rience sur l&rsquo;exp\u00e9rimentation des tenues civiles en unit\u00e9 prot\u00e9g\u00e9e du personnel soignant et h\u00f4telier"},"content":{"rendered":"","protected":false},"featured_media":0,"template":"","pmp_city":[31],"pmp_year":[22],"class_list":["post-21912","pmp_podcast","type-pmp_podcast","status-publish","hentry","pmp_city-marseille","pmp_year-22"],"_links":{"self":[{"href":"https:\/\/entretiensalzheimer.org\/index.php\/wp-json\/wp\/v2\/pmp_podcast\/21912","targetHints":{"allow":["GET"]}}],"collection":[{"href":"https:\/\/entretiensalzheimer.org\/index.php\/wp-json\/wp\/v2\/pmp_podcast"}],"about":[{"href":"https:\/\/entretiensalzheimer.org\/index.php\/wp-json\/wp\/v2\/types\/pmp_podcast"}],"wp:attachment":[{"href":"https:\/\/entretiensalzheimer.org\/index.php\/wp-json\/wp\/v2\/media?parent=21912"}],"wp:term":[{"taxonomy":"pmp_city","embeddable":true,"href":"https:\/\/entretiensalzheimer.org\/index.php\/wp-json\/wp\/v2\/pmp_city?post=21912"},{"taxonomy":"pmp_year","embeddable":true,"href":"https:\/\/entretiensalzheimer.org\/index.php\/wp-json\/wp\/v2\/pmp_year?post=21912"}],"curies":[{"name":"wp","href":"https:\/\/api.w.org\/{rel}","templated":true}]}}

Retour d&rsquo;expérience sur l&rsquo;expérimentation des tenues civiles en unité protégée du personnel soignant et hôtelier
